). Let q be 2/(-8) - k/8. Is 3/q + 175/2 a prime number?
True
Is (10/(-20))/(238443/(-59610) + 4) a prime number?
False
Let p = 358 + 1010. Let b = p - 601. Is b prime?
False
Let m(l) = 114*l**2 + 2*l - 1. Suppose 0 = -2*y - 4*r + 7 + 3, 2*y - r = 0. Is m(y) a prime number?
False
Let a(n) = 5*n**3 - 3*n**2 + 17*n - 9. Is a(7) a prime number?
False
Let m be (-7)/14 - (-23)/2. Let i = 3 - m. Is 5782/56 - (-2)/i composite?
False
Suppose -4*j - 689 = -3*q, 0 = -4*q + j - 22 + 919. Is q composite?
False
Suppose 18*r - 35*r + 50269 = 0. Is r composite?
False
Suppose 7*f = 39 + 24. Let q(r) = 4*r**2 + 2*r - 12*r - 4 - 7. Is q(f) composite?
False
Is (130/104)/((-1)/(-508)) composite?
True
Let y(w) = 18*w**2 + 4*w - 1. Let j(u) = -u**2 - 5*u + 7. Let x be j(-7). Is y(x) prime?
True
Let g = 11 - 9. Suppose -3*m + 2*h - 10 = 0, g = -5*m - 2*h + 12. Suppose -2*l + m*l - 4*f + 748 = 0, 3*l - 1154 = 2*f. Is l composite?
True
Let t = 6 - 7. Let b be 2/(-8)*0*t. Suppose 5*w = -z + 72, -2*w - 310 = -4*z - b*w. Is z composite?
True
Let s = -15975 - -73054. Is s a composite number?
True
Suppose -2*c = 5*f - 4449, f + 3*c - 895 = -0*c. Suppose -f + 2 = -d. Is d a prime number?
True
Let w = 8199 + 5008. Is w a prime number?
False
Let c = 2538 - -11951. Is c a composite number?
False
Suppose 1512 = l + 2*l. Let z = 18 + l. Suppose -2*o + z = 2*m + 3*m, -436 = -4*m + 3*o. Is m composite?
True
Let f = 4128 - -10043. Is f a composite number?
True
Let w(b) = 20*b**2 + 8*b + 1. Let c be 2/(-2)*3 - 3. Is w(c) prime?
True
Suppose 0 = 12*v - 9*v. Suppose 0 = -3*h + 4*q + 2375, v*h + h = -q + 794. Is h prime?
False
Suppose 3*i - 1700 = 2497. Suppose 4*w = -2*v + 377 + i, 3*w - 1327 = v. Is w prime?
True
Suppose -26073 = -2*b - r, 2*r = 1 - 11. Is (b/51)/((-2)/(-6)) a prime number?
False
Let j(t) = -23*t + 20 + 8 + 184*t - 1. Is j(8) prime?
False
Let i = -28484 - -45225. Is i composite?
False
Let f = 3273 + -4754. Let u = 4644 + f. Is u prime?
True
Let s be ((-72)/45)/(2/(-5))*2. Suppose -3*v + s*v = 2425. Is v a prime number?
False
Is (56835/30)/((-2)/(-4)) + -4 a composite number?
True
Let n(x) = 16*x**3 + 10*x**2 - 6*x - 11. Let h be n(6). Let u = -2514 + h. Is u a composite number?
True
Suppose -704 = -2*c - 166. Let h = 140 + -282. Let z = h + c. Is z composite?
False
Let s be ((-8)/(-3) - -2)*12/8. Is 1412/s + (-1)/14*-4 prime?
False
Let c be (-10)/(-65) + (-126)/(-26). Is (2 - (c - 4))*(2 - -21) a prime number?
True
Let y be 25 + -21 - ((-20)/(-2) + -1). Is 288 + 0 - (-5)/y a composite number?
True
Suppose 2*c + 2*c + 4 = -h, -3*c = 0. Let j be 2034*-1*h/6. Suppose 0*s - j = -4*s. Is s a prime number?
False
Let j(q) = q**3 + 15*q**2 - 26*q - 9. Is j(14) a composite number?
True
Suppose -2*t + 10 - 1 = -i, 2*i + 4*t - 22 = 0. Is (6 + i)*94/(-3 + 5) prime?
False
Suppose 0*x - 35 = -x + 3*a, 0 = -2*x + 4*a + 64. Let g = -312 + 375. Let y = g - x. Is y composite?
False
Let d(o) = o**2 + 10*o - 16. Let h be d(-13). Suppose -5*u = -c - 0*c - 1, 5*c = -3*u + h. Is 2/c - 93/(-2) prime?
True
Suppose 3*q = 12*p - 10*p - 20587, 20584 = 2*p - 2*q. Is p prime?
True
Let u(f) = -27*f**2 - 3*f + 2. Let a be u(4). Let l = 718 + a. Suppose 0 = -2*n - 4*x + l, -4*n - 3*x + 140 = -3*n. Is n prime?
False
Suppose -3*h + 9024 = 3*j, -9661 = -4*h + j + 2386. Is h a prime number?
True
Let l(v) = -v**3 - v**2 - v + 1. Let n(q) = -7*q**3 + 10*q**2 - 10*q + 1. Let u(z) = -6*l(z) + n(z). Is u(14) a composite number?
False
Is -218 - -213 - 3/((-6)/16304) composite?
False
Let o(j) = 152*j - 31. Let p be (-3 - 9)/4 - -16. Is o(p) a composite number?
True
Let l be 1 + (-3 - -3*2). Suppose 0 = -3*d - l*n - 1610 + 4285, -4*d + n = -3554. Is d prime?
False
Let f(r) = 1148*r - 14. Let u be f(6). Suppose 0 = 7*b - 5565 - u. Is b a composite number?
False
Suppose -7*n = -8*n + 5668. Is 1 + -3 + 3 + n a composite number?
False
Suppose -6*j = -4*j - 1984. Is (j - -2) + (-18)/6 composite?
False
Is 43490/(108/51 - (-22)/(-187)) prime?
False
Let h be 1/4 + 174/8. Suppose -85328 = 6*m - h*m. Is m prime?
True
Let z = 2 + 6. Let m(v) = -7 + z*v - 4*v - 2*v + 0*v + 18*v**2. Is m(-3) composite?
False
Suppose 0*j - 12 = -3*j. Suppose 848 = -5*y + 2023. Is 3/12 + y/j a prime number?
True
Suppose 104 = -4*a + 1484. Let d = a + -118. Let f = d - 100. Is f composite?
False
Is (-39)/5 + 8 + (-422336)/(-20) a prime number?
False
Let h = -61 - -56. Let a(i) be the first derivative of 19*i**3/3 + 2*i**2 - 10*i - 7. Is a(h) a prime number?
False
Suppose -26 = -3*x + x - r, 3*x + r = 40. Let h(i) be the second derivative of i**5/20 - 13*i**4/12 + i**3/3 - 11*i**2/2 - 81*i. Is h(x) a composite number?
True
Let g be (-2 - 716)*3/(-2). Suppose -5*c - g = -4862. Is c composite?
False
Suppose z + 18 = 34. Suppose -q = -5*q + z, -8797 = -5*v - 3*q. Is v a prime number?
False
Suppose 2*q - q - 3 = 0. Let y be 3 + (424 - (q + -1)). Suppose -t - 3*p + p = -73, -2*p - y = -5*t. Is t prime?
True
Suppose 32 + 8 = 5*r. Suppose r*g - 3 = 3*g - 3*v, 0 = 5*g + 2*v - 2. Suppose 4*c - 8*c = -5*a + 159, g = -a - c + 39. Is a composite?
True
Let m = 6186 - 2675. Is m a prime number?
True
Let c = -114 + 1006. Suppose o + c = 5*o. Is o a composite number?
False
Let q = 74 + -43. Suppose -m = -2*c + q, 3*m = -3*c - 12 + 63. Is (-6)/24 + 100/c a composite number?
True
Suppose 0 = 3*j + 3*h - 585, 3*j + 5*h = -j + 775. Suppose j = 4*i - 620. Is i a prime number?
False
Is 17586/10 - (2 - 180/75) a prime number?
True
Let j be (12/20)/((-1)/(-5)). Suppose -2*m + 2*z = 2, z = 2*m - 0*z - j. Suppose 4*v + c - 444 = 4*c, -2*c + 444 = m*v. Is v a prime number?
False
Let x(h) = 2*h**3 - 3*h**2 + 2*h - 3. Let n be x(2). Suppose 3*v + 522 = -0*t + 3*t, 3*t + n*v = 546. Is t prime?
False
Suppose -3*x = -10*b + 13*b - 150711, -5*b - 150727 = -3*x. Is x a composite number?
True
Suppose -3*j = 2*d - 98489, 0 = 57*j - 52*j - 5*d - 164115. Is j a prime number?
False
Let m(q) = 202*q**3 + q**2 + 17*q + 11. Let f(n) = 135*n**3 + n**2 + 11*n + 7. Suppose 22 = -5*c - 18. Let k(h) = c*f(h) + 5*m(h). Is k(-2) composite?
True
Is -1108*(-3 - 22/(-8))*5 a composite number?
True
Let s = 4938 + -3449. Let h = s - 746. Is h a prime number?
True
Let t(j) = -112*j - 3. Let p(d) = 16*d + 2. Let x be p(-1). Let n be (-2)/3*(-105)/x. Is t(n) prime?
True
Suppose a = 30 + 277. Suppose 0 = 5*y + 4*v + 400, 3*y = 2*v - 4*v - 242. Let o = y + a. Is o composite?
False
Let l(k) = -14*k + 27179. Is l(0) a prime number?
True
Suppose -5*b + 73 + 2294 = 4*p, -b + 468 = -p. Is (-7)/((6/b)/(-2)) prime?
False
Let o = 1069 - -82. Is o a composite number?
False
Let f(a) = 17469*a - 2 + a**3 - 8*a**2 - 17444*a + 7. Is f(7) composite?
False
Let b(x) = -x**3 + 5*x**2 + 8. Let y be b(5). Suppose -2*m - 2274 = -y*m. Is m prime?
True
Let q = 3799 + 2998. Is q composite?
True
Let t(g) = 155*g + 212. Is t(31) prime?
False
Let o = 23 - 20. Suppose 3*w - 3334 = w - 5*u, -o*w = u - 4975. Is w prime?
True
Let t(c) = c**3 - 8*c**2 - 8*c - 5. Let k be t(9). Suppose -5*o = k*g + 8, -15 = -g - 4*g. Is o/(-22) + 225/33 a prime number?
True
Suppose -5*w + 4*p = -22, 4*p = -6*w + 8*w - 4. Suppose 0 = w*q - 15*q + 3411. Is q a prime number?
True
Suppose -3*i + 0 = -6. Suppose i*c + 16 = 6*c. Is (938/(-8))/((-1)/c) prime?
False
Let c = 10 + -6. Let r be (-10)/c*18/(-5). Suppose -l - 6*d + 229 = -r*d, l = d + 225. Is l a prime number?
True
Is (22329/3 + -5)*9/18 a composite number?
False
Suppose -6*m + 249 = -21. Is (-928)/6*m/(-12) + 3 a prime number?
False
Let d(h) = -h**3 - 8*h**2 + 8. Let k be d(-8). Let z = k - 4. Suppose z*o - 3*o = 77. Is o prime?
False
Let j(d) = -d + 6. Let i be j(5). Let u(l) be the second derivative of 97*l**4/12 - 5*l - 22. Is u(i) a composite number?
False
Let z(r) = 4*r**2 + 5*r + 4. Let m be z(-2). Suppose m = 2*y, -3*y + 23 = 2*t + 2*y. Is (t - -166) + (-2 - 0) prime?
True
Let m(u) = 5 - u + 2 + 306*u**3 + 2*u**2 - 7. Is m(1) a prime number?
True
Is 9514*(4 + 35/(-10)) composite?
True
Suppose -8 = 3*y - 20. Suppose 0 = j + y*j - 2045. Is j a prime number?
True
Let l(a) = -3*a**3 - 9*a**2 - 15*a - 4. Is l(-7) prime?
False
Is (78/52)/((-9)/(-33834)) a prime number?
True
Let r be ((-396)/15)/3 - 1/5. Let y = -393 + 189. Is (y/16)/(r/24) a composite number?
True
Let d(l) = -245*l - 71. I